5572297 composite?
False
Is 101770919 a composite number?
False
Is 18517774871 a composite number?
False
Is 232018321 a prime number?
True
Is 48323247593 a composite number?
True
Is 35914248941 prime?
True
Is 73016328403 a composite number?
False
Is 94874448241 a composite number?
False
Is 5900010999 a prime number?
False
Is 866883521 a prime number?
False
Is 2561049031 prime?
False
Is 3923931359 composite?
False
Is 14613785161 prime?
True
Is 904372219 a composite number?
True
Is 330519934835 composite?
True
Is 787051873 composite?
True
Is 243601247 prime?
False
Is 837676987 a composite number?
True
Is 96801109 prime?
True
Is 3675980303 a prime number?
False
Is 37909829 prime?
True
Is 122795709031 prime?
False
Is 77871433114 composite?
True
Is 94794079 composite?
True
Is 24671926057 a composite number?
True
Is 489314171 composite?
False
Is 1361877977 a prime number?
True
Is 60692932733 a prime number?
False
Is 43092083213 a prime number?
True
Is 2243497213 prime?
True
Is 444390533 a composite number?
False
Is 235749322723 prime?
False
Is 15650548217 a prime number?
True
Is 5543001859 a composite number?
False
Is 972334547 a composite number?
False
Is 42650263183 a prime number?
False
Is 593836297 a composite number?
False
Is 438164929 a composite number?
False
Is 406639169 prime?
True
Is 47946364577 composite?
True
Is 3152069651 a prime number?
True
Is 3831270362 a composite number?
True
Is 1459600477 prime?
True
Is 9176572787 a composite number?
True
Is 11405087 a composite number?
True
Is 67879810597 a composite number?
False
Is 381707419 composite?
True
Is 891885611 composite?
False
Is 1245555749 a composite number?
False
Is 20670387727 a composite number?
True
Is 199331633 composite?
True
Is 669249143 a composite number?
False
Is 469041743 a prime number?
False
Is 125405327 prime?
True
Is 650835331 prime?
True
Is 1392214727 a prime number?
False
Is 3033980533 composite?
False
Is 12546460259 prime?
False
Is 1377674111 prime?
False
Is 187747221 prime?
False
Is 145987895393 prime?
True
Is 1859118343 a prime number?
True
Is 134954803 composite?
True
Is 127134547 prime?
False
Is 245155087 a prime number?
False
Is 5943381541 composite?
False
Is 62955422597 prime?
True
Is 38998677481 composite?
False
Is 233139563 composite?
True
Is 3403454497 composite?
True
Is 25669329211 composite?
True
Is 4003668871 prime?
False
Is 1054098313 prime?
False
Is 22409089247 a composite number?
False
Is 2346259163 composite?
False
Is 951290609 composite?
True
Is 13610323087 composite?
False
Is 2228072209 prime?
False
Is 291009161 composite?
False
Is 289076111033 composite?
False
Is 52399280671 a prime number?
True
Is 921101917 a prime number?
False
Is 87917041 a prime number?
False
Is 8490834503 a composite number?
False
Is 886878341 a prime number?
True
Is 5521783303 prime?
True
Is 5978353237 a prime number?
True
Is 173929001 prime?
False
Is 1747083949 prime?
False
Is 14241146131 prime?
True
Is 114749358023 prime?
False
Is 117365198649 a prime number?
False
Is 2510652023 prime?
False
Is 27483479431 composite?
True
Is 6402842689 a prime number?
False
Is 4537455661 a prime number?
True
Is 421758173 a prime number?
False
Is 4720520149 a prime number?
False
Is 14298076691 prime?
True
Is 49933731 a prime number?
False
Is 2664770221 prime?
False
Is 13549549547 a composite number?
True
Is 43694081227 composite?
False
Is 558166027 a prime number?
True
Is 253507197 prime?
False
Is 750169822 a prime number?
False
Is 509292163 a prime number?
True
Is 8471312713 a prime number?
True
Is 44716417 composite?
False
Is 7658440243 prime?
False
Is 7695632177 prime?
False
Is 40322604739 a prime number?
False
Is 315014153 a prime number?
False
Is 2201885297 a composite number?
False
Is 455201857 a prime number?
False
Is 24180415739 composite?
True
Is 34355177999 a prime number?
True
Is 6311279939 a composite number?
False
Is 97021339 composite?
False
Is 571206319 prime?
False
Is 7447523071 composite?
False
Is 2498751127 a prime number?
True
Is 10482712859 composite?
False
Is 13162285181 a composite number?
False
Is 417146814373 a composite number?
False
Is 84576647553 a composite number?
True
Is 552468197 a prime number?
True
Is 15497691607 a composite number?
False
Is 17722125671 a composite number?
True
Is 5636989933 a prime number?
False
Is 68206159081 a composite number?
True
Is 8012691359 a composite number?
False
Is 21239036497 a composite number?
True
Is 10466085251 a composite number?
False
Is 31989277223 prime?
True
Is 28235254577 a prime number?
True
Is 1961142943 a composite number?
False
Is 4275112343 a prime number?
False
Is 1003233943 a prime number?
True
Is 66772411729 a composite number?
False
Is 53121234163 a prime number?
False
Is 1934276857 composite?
True
Is 3039152713 prime?
False
Is 15970688309 composite?
False
Is 40393177883 a composite number?
False
Is 149381041 a composite number?
True
Is 113207755 a composite number?
True
Is 913583339 composite?
True
Is 106049787697 prime?
False
Is 3558701023 prime?
True
Is 23926929491 prime?
True
Is 10750974629 composite?
False
Is 119698534195 prime?
False
Is 5552829559 a composite number?
False
Is 9664045549 composite?
True
Is 789131653 a prime number?
False
Is 1628335081 composite?
False
Is 1161200099 a composite number?
True
Is 983640949 composite?
False
Is 900624241 composite?
True
Is 6743063051 a prime number?
False
Is 85151947141 composite?
False
Is 1767975983 prime?
False
Is 9449003 a composite number?
False
Is 1250805047 prime?
True
Is 3602747353 a prime number?
False
Is 7920313439 prime?
True
Is 191277521 composite?
False
Is 5469312601 a composite number?
True
Is 18122903699 a composite number?
False
Is 1228891107 a prime number?
False
Is 21062968943 composite?
False
Is 5659536219 composite?
True
Is 518487737 a prime number?
False
Is 24671919019 composite?
True
Is 8750925383 prime?
True
Is 1320979027 a composite number?
False
Is 1529609701 a prime number?
True
Is 411113663 a prime number?
False
Is 93368221 a composite number?
False
Is 22786903163 composite?
True
Is 6977546573 prime?
True
Is 100970917 prime?
False
Is 78264558455 a prime number?
False
Is 2538378539 a composite number?
False
Is 13484087813 a composite number?
True
Is 10869142301 composite?
False
Is 62306897687 composite?
False
Is 1043716939 composite?
False
Is 1509729913 prime?
False
Is 527981981 composite?
True
Is 328207357 composite?
True
Is 7682713421 a prime number?
False
Is 254919739 a prime number?
True
Is 9555260167 prime?
True
Is 7184975777 prime?
False
Is 135025514089 a prime number?
True
Is 14162034457 composite?
False
Is 33458638957 a composite number?
True
Is 9347699147 a composite number?
False
Is 1952654393 prime?
False
Is 611685493 composite?
False
Is 64356321551 composite?
True
Is 27454579199 prime?
False
Is 4542200581 a prime number?
False
Is 409844173 a composite number?
True
Is 611702363 a composite number?
False
Is 743081219 prime?
True
Is 7455334633 prime?
True
Is 16981621673 a composite number?
False
Is 373860293 composite?
False
Is 6503274097 prime?
True
Is 123685127 a prime number?
False
Is 778404553 composite?
True
Is 385414481 composite?
False
Is 4106735023 composite?
False
Is 90966161639 prime?
True
Is 23331890537 composite?
False
Is 4699990777 a composite number?
True
Is 126008779189 a prime number?
True
Is 11446324471 composite?
False
Is 3742542553 prime?
False
Is 14927512007 composite?
False
Is 1453779233 a prime number?
False
Is 108604558138 prime?
False
Is 220146301 composite?
False
Is 3217730231 a prime number?
False
Is 303606833 prime?
False
Is 354099899 composite?
False
Is 49353803263 a prime number?
True
Is 2436347233 a composite number?
True
Is 5328973157 prime?
True
Is 1422355461 prime?
False
Is 50144100599 a composite number?
False
Is 14461207 a composite number?
False
Is 9912542539 prime?
False
Is 2305817243 composite?
False
Is 932049383 composite?
False
Is 17335869937 a composite number?
False
Is 94226565091 composite?
True
Is 162697121 a composite number?
True
Is 19005821083 a prime number?
True
Is 2314710103 a prime number?
False
Is 2392298399 a prime number?
False
Is 236473007 a composite number?
False
Is 6193810405 a composite number?
True
Is 526177543 a prime number?
True
Is 1018968019 a prime number?
